[INFO] fetching crate bao 0.10.1...
[INFO] checking bao-0.10.1 against try#72f88fc4e9458f89516a0b8b0868f3718aec5b47 for pr-74989
[INFO] extracting crate bao 0.10.1 into /workspace/builds/worker-6/source
[INFO] validating manifest of crates.io crate bao 0.10.1 on toolchain 72f88fc4e9458f89516a0b8b0868f3718aec5b47
[INFO] running `Command { std: "/workspace/cargo-home/bin/cargo" "+72f88fc4e9458f89516a0b8b0868f3718aec5b47" "read-manifest" "--manifest-path" "Cargo.toml", kill_on_drop: false }`
[INFO] started tweaking crates.io crate bao 0.10.1
[INFO] finished tweaking crates.io crate bao 0.10.1
[INFO] tweaked toml for crates.io crate bao 0.10.1 written to /workspace/builds/worker-6/source/Cargo.toml
[INFO] running `Command { std: "/workspace/cargo-home/bin/cargo" "+72f88fc4e9458f89516a0b8b0868f3718aec5b47" "generate-lockfile" "--manifest-path" "Cargo.toml" "-Zno-index-update", kill_on_drop: false }`
[INFO] [stderr]     Blocking waiting for file lock on package cache
[INFO] running `Command { std: "/workspace/cargo-home/bin/cargo" "+72f88fc4e9458f89516a0b8b0868f3718aec5b47" "fetch" "--locked" "--manifest-path" "Cargo.toml", kill_on_drop: false }`
[INFO] [stderr]  Downloading crates ...
[INFO] [stderr]   Downloaded blake3 v0.2.3
[INFO] running `Command { std: "docker" "create" "-v" "/var/lib/crater-agent-workspace/builds/worker-6/target:/opt/rustwide/target:rw,Z" "-v" "/var/lib/crater-agent-workspace/builds/worker-6/source:/opt/rustwide/workdir:ro,Z" "-v" "/var/lib/crater-agent-workspace/cargo-home:/opt/rustwide/cargo-home:ro,Z" "-v" "/var/lib/crater-agent-workspace/rustup-home:/opt/rustwide/rustup-home:ro,Z" "-e" "SOURCE_DIR=/opt/rustwide/workdir" "-e" "CARGO_TARGET_DIR=/opt/rustwide/target" "-e" "CARGO_HOME=/opt/rustwide/cargo-home" "-e" "RUSTUP_HOME=/opt/rustwide/rustup-home" "-w" "/opt/rustwide/workdir" "-m" "1610612736" "--user" "0:0" "--network" "none" "rustops/crates-build-env@sha256:d92eaeed33fa75130ca1ee6c8a01d1ffb62bac859dfdfb3450e3e5d1c0146529" "/opt/rustwide/cargo-home/bin/cargo" "+72f88fc4e9458f89516a0b8b0868f3718aec5b47" "metadata" "--no-deps" "--format-version=1", kill_on_drop: false }`
[INFO] [stdout] aff387a040f0968e6bd46a9a1decdabe2f2ec7284f24e846e07377f81565dae4
[INFO] [stderr] WARNING: Your kernel does not support swap limit capabilities or the cgroup is not mounted. Memory limited without swap.
[INFO] running `Command { std: "docker" "start" "-a" "aff387a040f0968e6bd46a9a1decdabe2f2ec7284f24e846e07377f81565dae4", kill_on_drop: false }`
[INFO] running `Command { std: "docker" "inspect" "aff387a040f0968e6bd46a9a1decdabe2f2ec7284f24e846e07377f81565dae4", kill_on_drop: false }`
[INFO] running `Command { std: "docker" "rm" "-f" "aff387a040f0968e6bd46a9a1decdabe2f2ec7284f24e846e07377f81565dae4", kill_on_drop: false }`
[INFO] [stdout] aff387a040f0968e6bd46a9a1decdabe2f2ec7284f24e846e07377f81565dae4
[INFO] running `Command { std: "docker" "create" "-v" "/var/lib/crater-agent-workspace/builds/worker-6/target:/opt/rustwide/target:rw,Z" "-v" "/var/lib/crater-agent-workspace/builds/worker-6/source:/opt/rustwide/workdir:ro,Z" "-v" "/var/lib/crater-agent-workspace/cargo-home:/opt/rustwide/cargo-home:ro,Z" "-v" "/var/lib/crater-agent-workspace/rustup-home:/opt/rustwide/rustup-home:ro,Z" "-e" "SOURCE_DIR=/opt/rustwide/workdir" "-e" "CARGO_TARGET_DIR=/opt/rustwide/target" "-e" "CARGO_INCREMENTAL=0" "-e" "RUST_BACKTRACE=full" "-e" "RUSTFLAGS=--cap-lints=forbid" "-e" "CARGO_HOME=/opt/rustwide/cargo-home" "-e" "RUSTUP_HOME=/opt/rustwide/rustup-home" "-w" "/opt/rustwide/workdir" "-m" "1610612736" "--user" "0:0" "--network" "none" "rustops/crates-build-env@sha256:d92eaeed33fa75130ca1ee6c8a01d1ffb62bac859dfdfb3450e3e5d1c0146529" "/opt/rustwide/cargo-home/bin/cargo" "+72f88fc4e9458f89516a0b8b0868f3718aec5b47" "check" "--frozen" "--all" "--all-targets" "--message-format=json", kill_on_drop: false }`
[INFO] [stdout] 7791fdd193f15a2713d5bb052be9587d6e1bd5016e90e0ae03fa5cc55e86dc8a
[INFO] [stderr] WARNING: Your kernel does not support swap limit capabilities or the cgroup is not mounted. Memory limited without swap.
[INFO] running `Command { std: "docker" "start" "-a" "7791fdd193f15a2713d5bb052be9587d6e1bd5016e90e0ae03fa5cc55e86dc8a", kill_on_drop: false }`
[INFO] [stderr]    Compiling getrandom v0.1.15
[INFO] [stderr]    Compiling typenum v1.12.0
[INFO] [stderr]    Compiling proc-macro2 v1.0.21
[INFO] [stderr]    Compiling unicode-xid v0.2.1
[INFO] [stderr]    Compiling syn v1.0.40
[INFO] [stderr]    Compiling serde_derive v1.0.116
[INFO] [stderr]     Checking ppv-lite86 v0.2.9
[INFO] [stderr]     Checking subtle v1.0.0
[INFO] [stderr]     Checking arrayref v0.3.6
[INFO] [stderr]     Checking constant_time_eq v0.1.5
[INFO] [stderr]     Checking arrayvec v0.5.1
[INFO] [stderr]     Checking remove_dir_all v0.5.3
[INFO] [stderr]    Compiling blake3 v0.2.3
[INFO] [stderr]     Checking page_size v0.4.2
[INFO] [stderr]     Checking rand_core v0.5.1
[INFO] [stderr]     Checking rand_xorshift v0.2.0
[INFO] [stderr]     Checking rand_chacha v0.2.2
[INFO] [stderr]     Checking rand v0.7.3
[INFO] [stderr]    Compiling quote v1.0.7
[INFO] [stderr]     Checking generic-array v0.12.3
[INFO] [stderr]     Checking tempfile v3.1.0
[INFO] [stderr]     Checking crypto-mac v0.7.0
[INFO] [stderr]     Checking digest v0.8.1
[INFO] [stderr]     Checking bao v0.10.1 (/opt/rustwide/workdir)
[INFO] [stderr]     Checking serde v1.0.116
[INFO] [stderr]     Checking serde_json v1.0.57
[INFO] [stdout] error[E0433]: failed to resolve: use of undeclared type or module `blake2s_simd`
[INFO] [stdout]   --> benches/bench.rs:13:22
[INFO] [stdout]    |
[INFO] [stdout] 13 | const SHORT: usize = blake2s_simd::BLOCKBYTES;
[INFO] [stdout]    |                      ^^^^^^^^^^^^ use of undeclared type or module `blake2s_simd`
[INFO] [stdout] 
[INFO] [stdout] 
[INFO] [stdout] error[E0433]: failed to resolve: use of undeclared type or module `blake2s_simd`
[INFO] [stdout]   --> benches/bench.rs:16:53
[INFO] [stdout]    |
[INFO] [stdout] 16 | const MEDIUM: usize = bao::benchmarks::CHUNK_SIZE * blake2s_simd::many::MAX_DEGREE;
[INFO] [stdout]    |                                                     ^^^^^^^^^^^^ use of undeclared type or module `blake2s_simd`
[INFO] [stdout] 
[INFO] [stdout] 
[INFO] [stdout] error[E0425]: cannot find function `hash` in crate `bao`
[INFO] [stdout]   --> benches/bench.rs:60:20
[INFO] [stdout]    |
[INFO] [stdout] 60 |     b.iter(|| bao::hash(input.get()));
[INFO] [stdout]    |                    ^^^^ not found in `bao`
[INFO] [stdout]    |
[INFO] [stdout] help: consider importing one of these items
[INFO] [stdout]    |
[INFO] [stdout] 7  | use blake3::hash;
[INFO] [stdout]    |
[INFO] [stdout] 7  | use core::ptr::hash;
[INFO] [stdout]    |
[INFO] [stdout] 7  | use std::ptr::hash;
[INFO] [stdout]    |
[INFO] [stdout] 
[INFO] [stdout] 
[INFO] [stdout] error[E0425]: cannot find function `hash` in crate `bao`
[INFO] [stdout]   --> benches/bench.rs:66:20
[INFO] [stdout]    |
[INFO] [stdout] 66 |     b.iter(|| bao::hash(input.get()));
[INFO] [stdout]    |                    ^^^^ not found in `bao`
[INFO] [stdout]    |
[INFO] [stdout] help: consider importing one of these items
[INFO] [stdout]    |
[INFO] [stdout] 7  | use blake3::hash;
[INFO] [stdout]    |
[INFO] [stdout] 7  | use core::ptr::hash;
[INFO] [stdout]    |
[INFO] [stdout] 7  | use std::ptr::hash;
[INFO] [stdout]    |
[INFO] [stdout] 
[INFO] [stdout] 
[INFO] [stdout] error[E0425]: cannot find function `hash` in crate `bao`
[INFO] [stdout]   --> benches/bench.rs:72:20
[INFO] [stdout]    |
[INFO] [stdout] 72 |     b.iter(|| bao::hash(input.get()));
[INFO] [stdout]    |                    ^^^^ not found in `bao`
[INFO] [stdout]    |
[INFO] [stdout] help: consider importing one of these items
[INFO] [stdout]    |
[INFO] [stdout] 7  | use blake3::hash;
[INFO] [stdout]    |
[INFO] [stdout] 7  | use core::ptr::hash;
[INFO] [stdout]    |
[INFO] [stdout] 7  | use std::ptr::hash;
[INFO] [stdout]    |
[INFO] [stdout] 
[INFO] [stdout] 
[INFO] [stdout] error[E0433]: failed to resolve: could not find `Hasher` in `bao`
[INFO] [stdout]    --> benches/bench.rs:79:31
[INFO] [stdout]     |
[INFO] [stdout] 79  |         let mut hasher = bao::Hasher::new();
[INFO] [stdout]     |                               ^^^^^^
[INFO] [stdout]     | 
[INFO] [stdout]    ::: /opt/rustwide/cargo-home/registry/src/github.com-1ecc6299db9ec823/blake3-0.2.3/src/lib.rs:190:1
[INFO] [stdout]     |
[INFO] [stdout] 190 | pub struct Hash([u8; OUT_LEN]);
[INFO] [stdout]     | ------------------------------- similarly named struct `Hash` defined here
[INFO] [stdout]     |
[INFO] [stdout] help: a struct with a similar name exists
[INFO] [stdout]     |
[INFO] [stdout] 79  |         let mut hasher = bao::Hash::new();
[INFO] [stdout]     |                               ^^^^
[INFO] [stdout] help: consider importing one of these items
[INFO] [stdout]     |
[INFO] [stdout] 7   | use blake3::Hasher;
[INFO] [stdout]     |
[INFO] [stdout] 7   | use core::hash::Hasher;
[INFO] [stdout]     |
[INFO] [stdout] 7   | use std::hash::Hasher;
[INFO] [stdout]     |
[INFO] [stdout] 
[INFO] [stdout] 
[INFO] [stdout] error[E0433]: failed to resolve: could not find `Hasher` in `bao`
[INFO] [stdout]    --> benches/bench.rs:89:31
[INFO] [stdout]     |
[INFO] [stdout] 89  |         let mut hasher = bao::Hasher::new();
[INFO] [stdout]     |                               ^^^^^^
[INFO] [stdout]     | 
[INFO] [stdout]    ::: /opt/rustwide/cargo-home/registry/src/github.com-1ecc6299db9ec823/blake3-0.2.3/src/lib.rs:190:1
[INFO] [stdout]     |
[INFO] [stdout] 190 | pub struct Hash([u8; OUT_LEN]);
[INFO] [stdout]     | ------------------------------- similarly named struct `Hash` defined here
[INFO] [stdout]     |
[INFO] [stdout] help: a struct with a similar name exists
[INFO] [stdout]     |
[INFO] [stdout] 89  |         let mut hasher = bao::Hash::new();
[INFO] [stdout]     |                               ^^^^
[INFO] [stdout] help: consider importing one of these items
[INFO] [stdout]     |
[INFO] [stdout] 7   | use blake3::Hasher;
[INFO] [stdout]     |
[INFO] [stdout] 7   | use core::hash::Hasher;
[INFO] [stdout]     |
[INFO] [stdout] 7   | use std::hash::Hasher;
[INFO] [stdout]     |
[INFO] [stdout] 
[INFO] [stdout] 
[INFO] [stdout] error[E0433]: failed to resolve: could not find `Hasher` in `bao`
[INFO] [stdout]    --> benches/bench.rs:99:31
[INFO] [stdout]     |
[INFO] [stdout] 99  |         let mut hasher = bao::Hasher::new();
[INFO] [stdout]     |                               ^^^^^^
[INFO] [stdout]     | 
[INFO] [stdout]    ::: /opt/rustwide/cargo-home/registry/src/github.com-1ecc6299db9ec823/blake3-0.2.3/src/lib.rs:190:1
[INFO] [stdout]     |
[INFO] [stdout] 190 | pub struct Hash([u8; OUT_LEN]);
[INFO] [stdout]     | ------------------------------- similarly named struct `Hash` defined here
[INFO] [stdout]     |
[INFO] [stdout] help: a struct with a similar name exists
[INFO] [stdout]     |
[INFO] [stdout] 99  |         let mut hasher = bao::Hash::new();
[INFO] [stdout]     |                               ^^^^
[INFO] [stdout] help: consider importing one of these items
[INFO] [stdout]     |
[INFO] [stdout] 7   | use blake3::Hasher;
[INFO] [stdout]     |
[INFO] [stdout] 7   | use core::hash::Hasher;
[INFO] [stdout]     |
[INFO] [stdout] 7   | use std::hash::Hasher;
[INFO] [stdout]     |
[INFO] [stdout] 
[INFO] [stdout] 
[INFO] [stdout] warning: unused imports: `Cursor`, `SeekFrom::Start`
[INFO] [stdout]  --> benches/bench.rs:9:15
[INFO] [stdout]   |
[INFO] [stdout] 9 | use std::io::{Cursor, SeekFrom::Start};
[INFO] [stdout]   |               ^^^^^^  ^^^^^^^^^^^^^^^
[INFO] [stdout]   |
[INFO] [stdout]   = note: `#[warn(unused_imports)]` on by default
[INFO] [stdout] 
[INFO] [stdout] 
[INFO] [stdout] warning: unused import: `std::io::prelude`
[INFO] [stdout]  --> benches/bench.rs:8:5
[INFO] [stdout]   |
[INFO] [stdout] 8 | use std::io::prelude::*;
[INFO] [stdout]   |     ^^^^^^^^^^^^^^^^
[INFO] [stdout] 
[INFO] [stdout] 
[INFO] [stdout] error: aborting due to 8 previous errors; 2 warnings emitted
[INFO] [stdout] 
[INFO] [stdout] 
[INFO] [stdout] Some errors have detailed explanations: E0425, E0433.
[INFO] [stdout] 
[INFO] [stdout] For more information about an error, try `rustc --explain E0425`.
[INFO] [stdout] 
[INFO] [stderr] error: could not compile `bao`.
[INFO] [stderr] 
[INFO] [stderr] To learn more, run the command again with --verbose.
[INFO] [stderr] warning: build failed, waiting for other jobs to finish...
[INFO] [stderr] error: build failed
[INFO] running `Command { std: "docker" "inspect" "7791fdd193f15a2713d5bb052be9587d6e1bd5016e90e0ae03fa5cc55e86dc8a", kill_on_drop: false }`
[INFO] running `Command { std: "docker" "rm" "-f" "7791fdd193f15a2713d5bb052be9587d6e1bd5016e90e0ae03fa5cc55e86dc8a", kill_on_drop: false }`
[INFO] [stdout] 7791fdd193f15a2713d5bb052be9587d6e1bd5016e90e0ae03fa5cc55e86dc8a
